2 (base 6) in base 12?
-1497a2
What is -320586 (base 12) in base 14?
-167662
21012012102101 (base 3) to base 6
213532314
What is 413055 (base 6) in base 14?
c0b1
What is -38b41 (base 12) in base 6?
-1355321
-25663 (base 14) to base 15
-1c310
What is -5503160 (base 10) in base 12?
-1a14848
-204002033 (base 5) to base 9
-1525687
Convert -11222120 (base 3) to base 11.
-2803
Convert 10033 (base 12) to base 2.
101000100100111
What is 52420 (base 6) in base 14?
280c
What is 120141 (base 9) in base 10?
72289
Convert 1c719 (base 14) to base 10.
72739
What is c2eeb (base 16) in base 13?
21c569
What is -728303 (base 9) in base 15?
-88263
20001331312 (base 4) to base 13
5892ac
Convert 11001100000110110 (base 2) to base 13.
38748
Convert 12432201413 (base 5) to base 7.
245542256
Convert -301bf1 (base 16) to base 15.
-4242c1
Convert -2031331331 (base 4) to base 15.
-b746b
Convert -24055453 (base 8) to base 4.
-110011230223
Convert -647222 (base 10) to base 12.
-272672
-145224404 (base 7) to base 9
-20204312
Convert -255937 (base 10) to base 7.
-2114113
What is -10300341204 (base 5) in base 2?
-101001110001001110110010
What is -3113125 (base 6) in base 12?
-727a5
Convert 17255 (base 12) to base 2.
1000000110100001
-14246 (base 11) to base 15
-6007
What is 15723105 (base 8) in base 15?
4c0915
What is -157072 (base 9) in base 2?
-10111101011111110
-1c2214 (base 13) to base 14
-149d30
10100221000121 (base 3) to base 5
424232321
Convert -2333123010 (base 4) to base 2.
-10111111011011000100
What is -5360643 (base 9) in base 5?
-1213433433
What is c65308 (base 13) in base 5?
2141412012
What is -2323352 (base 8) in base 3?
-1012010200221
Convert a6199a (base 13) to base 16.
3b540d
Convert -3300172 (base 12) to base 11.
-55292a5
What is 101110100000110010100 (base 2) in base 10?
1524116
1e935b (base 16) to base 5
1003110203
What is 922662 (base 10) in base 7?
10561656
Convert -41812 (base 11) to base 13.
-2192a
What is 18702311 (base 9) in base 2?
100100000011000001001111
166a70 (base 14) to base 8
3000632
What is -1024066 (base 8) in base 15?
-55ac8
What is -5064306 (base 8) in base 10?
-1337542
-151556435 (base 7) to base 5
-10041122420
638214 (base 12) to base 9
2851637
-7540036 (base 9) to base 16
-3dab89
Convert -11484942 (base 10) to base 8.
-53637416
Convert 839cc (base 14) to base 10.
317504
Convert -ebacc7 (base 15) to base 5.
-10333143022
615244 (base 7) to base 5
11330323
3be810 (base 15) to base 8
13000741
Convert -10111111110100 (base 2) to base 15.
-3986
Convert 11012121100 (base 3) to base 8.
241602
What is -4304213 (base 5) in base 3?
-10200100201
What is -2743256 (base 10) in base 13?
-750839
Convert -1129d (base 16) to base 2.
-10001001010011101
Convert 1451f4 (base 16) to base 15.
1b48a0
Convert 1021301213 (base 4) to base 2.
1001001110001100111
77a387 (base 11) to base 6
42353244
12001120121201 (base 3) to base 12
a9786a
What is 322321321 (base 4) in base 2?
111010111001111001
-22033034 (base 5) to base 14
-4d22d
120213202 (base 4) to base 3
12010022121
41572a (base 11) to base 3
1020212002201
Convert -674263 (base 15) to base 8.
-22622374
Convert -4133560 (base 7) to base 6.
-14343534
What is -110001010110010100011 (base 2) in base 15?
-21e1de
What is -1001433120 (base 5) in base 9?
-3652807
What is 330432534 (base 6) in base 8?
26437252
33198 (base 14) to base 5
12430220
Convert 50167 (base 9) to base 13.
11cc5
Convert -2588668 (base 9) to base 2.
-101011001111100100011
What is -13212244 (base 6) in base 4?
-1222300210
What is 2116385 (base 12) in base 8?
27663625
Convert -70859 (base 11) to base 3.
-12021000001
What is 654356 (base 8) in base 2?
110101100011101110
412b (base 16) to base 13
7794
Convert a9b911 (base 12) to base 16.
29205d
What is 1000100101001101 (base 2) in base 15?
a634
Convert 105456 (base 8) to base 5.
2120010
14014401 (base 5) to base 15
2c06b
What is 6816366 (base 9) in base 3?
20220120102020
-1663020 (base 7) to base 6
-5003020
What is 326a81 (base 13) in base 2?
100100001100010111010
What is 14d0e (base 15) in base 9?
111885
Convert 201330233010 (base 4) to base 15.
babd69
What is -134430 (base 13) in base 12?
-1a5b53
Convert -87d6d9 (base 15) to base 13.
-145915b
222387 (base 16) to base 6
115541543
279dc (base 15) to base 16
1f083
What is -2002314 (base 5) in base 4?
-13231200
-2434401 (base 5) to base 15
-da6b
4660b4 (base 12) to base 13
3075b2
What is 11432304 (base 5) in base 16?
1a7a6
What is -296877 (base 11) in base 5?
-104303114
-772c71 (base 13) to base 7
-32563164
Convert 18bb66 (base 12) to base 11.
27812a
-9b99a9 (base 14) to base 7
-62650402
What is -6131850 (base 9) in base 2?
-1100011110000011000000
What is 297459a (base 13) in base 9?
26755687
What is -630446 (base 8) in base 2?
-110011000100100110
25a630 (base 15) to base 4
12321022230
-10654211 (base 7) to base 13
-26ab69
Convert -1a84dd (base 14) to base 2.
-11100110101100010011
Convert 621aa5 (base 11) to base 9.
1781300
-96086 (base 14) to base 10
-362326
What is -1d3d1 (base 14) in base 15?
-172a9
Convert -23a721 (base 13) to base 16.
-cfdf9
37277c (base 16) to base 5
1411131323
What is 197193 (base 11) in base 13?
a7816
-27c1 (base 13) to base 16
-1666
-23445a (base 13) to base 5
-203302213
What is cbb07 (base 13) in base 7?
3064055
What is 3452555 (base 8) in base 7?
10661461
Convert -2400340203 (base 5) to base 4.
-110322003212
-44331201 (base 5) to base 3
-201122002002
90502 (base 11) to base 8
402430
Convert -1001450 (base 9) to base 8.
-2020073
What is 1a3cbe (base 15) in base 5?
311404004
-1860181 (base 12) to base 13
-1097c26
Convert -1176c6 (base 14) to base 4.
-2101230332
What is -612e (base 15) in base 2?
-101000000100111
-6b782 (base 14) to base 3
-111022121212
Convert 62065 (base 12) to base 5.
13043244
-81377 (base 12) to base 10
-168139
-26214363 (base 8) to base 2
-10110010001100011110011
What is -559083 (base 10) in base 4?
-2020133223
Convert -75607 (base 14) to base 13.
-9c24c
What is 13c2219 (base 13) in base 4?
113333030232
Convert -1540530 (base 8) to base 13.
-12667a
-31121232332 (base 4) to base 14
-6764c6
Convert 3031010202 (base 4) to base 12.
346116
-6923ee (base 15) to base 5
-2241111044
What is 100000111010000001011 (base 2) in base 6?
35040015
Convert 133512 (base 12) to base 8.
1153036
What is 156162 (base 14) in base 6?
24000414
Convert -1957921 (base 11) to base 8.
-14466316
2060a (base 15) to base 10
102610
1001000111000100001 (base 2) to base 8
1107041
What is 15a3722 (base 11) in base 3?
12010121020101
Convert -345ad (base 14) to base 11.
-8775a
1736804 (base 11) to base 13
7c4736
23850184 (base 9) to base 10
11665615
Convert -1002023244 (base 5) to base 10.
-1986074
-1324141 (base 7) to base 12
-84a6a
Convert -260317 (base 9) to base 7.
-1224556
Convert -54b007 (base 13) to base 4.
-13213002003
What is -62570 (base 8) in base 4?
-12111320
-ba6569 (base 12) to base 13
-7c6431
Convert 13216554 (base 8) to base 16.
2d1d6c
-8f19 (base 16) to base 9
-55223
213996 (base 10) to base 9
355483
What is -ab1769 (base 12) in base 16?
-297e01
Convert -214100 (base 10) to base 11.
-136947
What is 10101011011010110 (base 2) in base 8?
253326
Convert 6a0976 (base 11) to base 3.
2002120222010
What is 183714 (base 10) in base 12?
8a396
Convert 11001111010111100000 (base 2) to base 16.
cf5e0
Convert -434874 (base 10) to base 6.
-13153150
Convert -21125540 (base 7) to base 14.
-347a20
Convert -66615150 (base 7) to base 3.
-101211020112020
What is 188013 (base 10) in base 15?
3aa93
Convert -22021131 (base 5) to base 9.
-317126
What is -4211333 (base 5) in base 16?
-10fd9
What is 16a103 (base 11) in base 14?
6b85d
10123303 (base 6) to base 4
1013003313
What is -100010211012000 (base 3) in base 15?
-65e6e6
What is -31006603 (base 7) in base 16?
-2787a9
Convert -400022320 (base 5) to base 2.
-101111101110110110101
-1001013 (base 4) to base 2
-1000001000111
-245a2 (base 11) to base 13
-13102
What is 4204103 (base 5) in base 11?
48060
Convert -1032310230 (base 4) to base 3.
-121101212210
What is -16003 (base 9) in base 3?
-120000010
Convert c10a8 (base 14) to base 12.
1a4550
1707673 (base 8) to base 12
1ba937
-358486 (base 12) to base 3
-1121221010010
What is 199750 (base 11) in base 3?
120112100021
What is -4248300 (base 11) in b